{"id":8141,"date":"2024-11-10T16:42:06","date_gmt":"2024-11-10T16:42:06","guid":{"rendered":"https:\/\/www.italy-shop.hu\/?post_type=product&#038;p=8141"},"modified":"2024-11-13T11:49:30","modified_gmt":"2024-11-13T10:49:30","slug":"dan-vajas-sutemenyek-908g","status":"publish","type":"product","link":"https:\/\/www.italy-shop.hu\/?product=dan-vajas-sutemenyek-908g","title":{"rendered":"D\u00e1n vajas s\u00fctem\u00e9nyek 908g"},"content":{"rendered":"","protected":false},"excerpt":{"rendered":"<p class=\"card-text\"> [&#8230;]<\/p>\n<p class=\"m-0\"><a class=\"btn btn-outline-secondary btn-read-more\" href=\"https:\/\/www.italy-shop.hu\/?product=dan-vajas-sutemenyek-908g\">Read More<\/a><\/p>\n","protected":false},"featured_media":8142,"template":"","meta":[],"product_brand":[],"product_cat":[23,26],"product_tag":[88],"class_list":{"0":"post-8141","1":"product","2":"type-product","3":"status-publish","4":"has-post-thumbnail","6":"product_cat-desszertek","7":"product_cat-kekszek","8":"product_tag-ajandek","10":"first","11":"instock","12":"taxable","13":"shipping-taxable","14":"purchasable","15":"product-type-simple"},"_links":{"self":[{"href":"https:\/\/www.italy-shop.hu\/index.php?rest_route=\/wp\/v2\/product\/8141","targetHints":{"allow":["GET"]}}],"collection":[{"href":"https:\/\/www.italy-shop.hu\/index.php?rest_route=\/wp\/v2\/product"}],"about":[{"href":"https:\/\/www.italy-shop.hu\/index.php?rest_route=\/wp\/v2\/types\/product"}],"wp:featuredmedia":[{"embeddable":true,"href":"https:\/\/www.italy-shop.hu\/index.php?rest_route=\/wp\/v2\/media\/8142"}],"wp:attachment":[{"href":"https:\/\/www.italy-shop.hu\/index.php?rest_route=%2Fwp%2Fv2%2Fmedia&parent=8141"}],"wp:term":[{"taxonomy":"product_brand","embeddable":true,"href":"https:\/\/www.italy-shop.hu\/index.php?rest_route=%2Fwp%2Fv2%2Fproduct_brand&post=8141"},{"taxonomy":"product_cat","embeddable":true,"href":"https:\/\/www.italy-shop.hu\/index.php?rest_route=%2Fwp%2Fv2%2Fproduct_cat&post=8141"},{"taxonomy":"product_tag","embeddable":true,"href":"https:\/\/www.italy-shop.hu\/index.php?rest_route=%2Fwp%2Fv2%2Fproduct_tag&post=8141"}],"curies":[{"name":"wp","href":"https:\/\/api.w.org\/{rel}","templated":true}]}}